t is -1a88 - -14d?
-1939
In base 6, what is 12454321 + 2?
12454323
In base 10, what is 223470 - -2?
223472
In base 15, what is 2 + 25a5?
25a7
In base 14, what is -4 + -32c1?
-32c5
In base 14, what is -4c + -4c1?
-52d
In base 3, what is 102002000 + 120011?
102122011
In base 7, what is 104 - 2201?
-2064
In base 5, what is 20443411 - 4?
20443402
In base 4, what is 12131132 - -231?
12132023
In base 3, what is -1112002101 - 1?
-1112002102
In base 7, what is -3 - -1015165?
1015162
In base 7, what is 130030 + 3?
130033
In base 9, what is 0 + 1252878?
1252878
In base 7, what is 554550 - -1?
554551
In base 5, what is 14044100 + 32?
14044132
In base 10, what is -10734 + -27?
-10761
In base 7, what is 363032 + -1?
363031
In base 14, what is -7b4 - 5b?
-831
In base 2, what is 11101011001 - 110?
11101010011
In base 14, what is -b950 + c?
-b942
In base 9, what is -8 - 16745?
-16754
In base 10, what is -268 + -839?
-1107
In base 7, what is -464565 + 11?
-464554
In base 12, what is 9b2 + 859?
164b
In base 16, what is 14 + a5e?
a72
In base 3, what is 1 + -1221101122?
-1221101121
In base 16, what is -21fb66 - -5?
-21fb61
In base 9, what is 1332 + -103?
1228
In base 5, what is -4134 + 421?
-3213
In base 10, what is 128 + 418?
546
In base 15, what is -e73b - -2?
-e739
In base 13, what is -3 - -194825?
194822
In base 14, what is 90 + 817?
8a7
In base 3, what is -10 - -202020?
202010
In base 8, what is -11 + 357136?
357125
In base 5, what is -20141 + -3?
-20144
In base 16, what is -7 - 5a53?
-5a5a
In base 11, what is -7 + -338900?
-338907
In base 4, what is -31 + 3131221?
3131130
In base 12, what is -1256285 - 0?
-1256285
In base 9, what is 120 + 14875?
15105
In base 5, what is -11004 + 220?
-10234
In base 16, what is -152 - -bf?
-93
In base 5, what is 13404 + 311?
14220
In base 16, what is 813c - 2?
813a
In base 2, what is 110110 + -1100001?
-101011
In base 3, what is 10 - 20020202?
-20020122
In base 2, what is 1000001101 - 1011111111011?
-1010111101110
In base 10, what is 5 - -19727?
19732
In base 15, what is 129dd2 + 5?
129dd7
In base 16, what is 1d6a - -98?
1e02
In base 15, what is -16a092 - 5?
-16a097
In base 6, what is -41 - -3114?
3033
In base 5, what is -13 + 13424140?
13424122
In base 11, what is 462 - 71?
3a1
In base 4, what is -3 - 121321?
-121330
In base 14, what is 78d - 1?
78c
In base 16, what is 6 + 2e18?
2e1e
In base 13, what is -2a - 3ca?
-427
In base 4, what is -11 - -221011010?
221010333
In base 4, what is -12 + 122123?
122111
In base 15, what is 35ba5 - -2?
35ba7
In base 12, what is -1b7 - a48?
-1043
In base 14, what is -368 - -10?
-358
In base 14, what is 1935 + -15?
1920
In base 3, what is -222012121 - -20122?
-221221222
In base 8, what is 1242 - -2375?
3637
In base 10, what is -6168 + -445?
-6613
In base 13, what is 1116 + 117?
1230
In base 8, what is -70 - -5045?
4755
In base 7, what is 243303 - -5?
243311
In base 4, what is 1 + 2222132?
2222133
In base 13, what is 8b + -495?
-407
In base 4, what is -300321110 - 10?
-300321120
In base 13, what is 1480 - -14?
1494
In base 3, what is -112110200 + 11?
-112110112
In base 6, what is -4 + 223124?
223120
In base 9, what is 1003 + -34?
858
In base 15, what is -2 - 2d4d?
-2d50
In base 14, what is 1d - -6053b?
6055a
In base 3, what is 12 - -210212012?
210212101
In base 2, what is -111111 + -1101001001?
-1110001000
In base 4, what is -2103 + -10013?
-12122
In base 6, what is 1313511 + 10?
1313521
In base 5, what is 112440 - 31?
112404
In base 14, what is 335d - -9?
3368
In base 11, what is 30903 + 29?
30931
In base 5, what is 341131 + -133?
340443
In base 7, what is -130515 + 5?
-130510
In base 16, what is c4a5 - -4?
c4a9
In base 14, what is 1 - -159c0?
159c1
In base 8, what is 5455 + 63?
5540
In base 12, what is bb17 - -a?
bb25
In base 15, what is 100958 - -2?
10095a
In base 12, what is 3 + -243983?
-243980
In base 3, what is 101122 + 2011110?
2120002
In base 16, what is -991e6 + -6?
-991ec
In base 7, what is -13536 + -2?
-13541
In base 15, what is -21 - 7b?
-9c
In base 4, what is -22213131 + 102?
-22213023
In base 7, what is -24 - 11050?
-11104
In base 13, what is b2b + 1?
b2c
In base 4, what is 12110 + 1030333?
1103103
In base 10, what is 1608 + -130?
1478
In base 14, what is 89 + -4b69?
-4ac0
In base 11, what is -127405a - -4?
-1274056
In base 9, what is -21 + 3724?
3703
In base 9, what is -618303 + -1?
-618304
In base 9, what is 236 - 27?
208
In base 11, what is -327 - 331?
-658
In base 3, what is -120010222201012 - 12?
-120010222201101
In base 9, what is 47651 + 7?
47658
In base 13, what is 9 + 29244?
29250
In base 2, what is -101000 + -11111101101000?
-11111110010000
In base 7, what is -414 + 34?
-350
In base 7, what is -1 - -12106?
12105
In base 16, what is 14f4 - -1a?
150e
In base 13, what is -7ca3 - 1?
-7ca4
In base 7, what is -110 + 54?
-23
In base 4, what is -31322111231 + 2?
-31322111223
In base 16, what is 75 - 429?
-3b4
In base 3, what is -10 + 1001020110?
1001020100
In base 9, what is 658 + -245?
413
In base 4, what is 133013123 - -11?
133013200
In base 9, what is -74350 + 3?
-74346
In base 11, what is -16 + -10621?
-10637
In base 10, what is 5 + -85168?
-85163
In base 8, what is 2336 + 25?
2363
In base 6, what is -241 - -355?
114
In base 3, what is -1101110102 + 12?
-1101110020
In base 8, what is 371 - 0?
371
In base 14, what is -748d4 - 3?
-748d7
In base 14, what is -4 - -1cd03?
1ccdd
In base 13, what is -1 + -2cb4?
-2cb5
In base 9, what is 2 - -1055202?
1055204
In base 12, what is 3 + 7b5?
7b8
In base 2, what is -1011110111 + 111101001?
-100001110
In base 12, what is -3313 + aa?
-3225
In base 9, what is -1 + 34828?
34827
In base 7, what is 5 + -465230?
-465222
In base 14, what is -c7 + 559?
472
In base 14, what is -8295 - -7?
-828c
In base 7, what is -2 + 1525143?
1525141
In base 7, what is 215255 - -1?
215256
In base 10, what is 4 - -4928?
4932
In base 5, what is 2 + 242134?
242141
In base 6, what is -11405212 - -1?
-11405211
In base 6, what is -13142000 - -1?
-13141555
In base 14, what is 5 - -cc45?
cc4a
In base 13, what is -b + 12cb?
12c0
In base 14, what is d3dd + 6?
d405
In base 9, what is 16657 - 125?
16532
In base 16, what is 4380e - 1?
4380d
In base 11, what is -1 - 3957?
-3958
In base 2, what is -1001000000 + -110100?
-1001110100
In base 4, what is -3023 + -112?
-3201
In base 14, what is -5770c9 - -3?
-5770c6
In base 14, what is 4 - -dcbba?
dcbc0
In base 15, what is e04 - 14?
de0
In base 3, what is 11012 - -12201?
100220
In base 7, what is -2 + 64665?
64663
In base 14, what is 6 + 4983?
4989
In base 6, what is 30 + -1430241?
-1430211
In base 13, what is -8b9a - 0?
-8b9a
In base 9, what is -34 + -4628?
-4663
In base 12, what is -39 + 96?
59
In base 9, what is -1 - -102525?
102524
In base 5, what is 313314 + -4210?
304104
In base 13, what is 27cc55 - 0?
27cc55
In base 11, what is 7388 + 23?
7400
In base 16, what is f79 - 5b?
f1e
In base 2, what is 1110010011111100 - 10?
1110010011111010
In base 2, what is -1001001 + -10010100110?
-10011101111
In base 11, what is 3 + 321442?
321445
In base 16, what is 4 + 1cf5?
1cf9
In base 3, what is -202121202012 + 12?
-202121202000
In base 11, what is -857 + -6?
-862
In base 8, what is -3 + 147254?
147251
In base 15, what is -2 + c61?
c5e
In base 7, what is 504 + 42?
546
In base 2, what is -1100011 - -1011?
-1011000
In base 16, what is 6b + -3a9d?
-3a32
In base 9, what is -23 + 18104?
18071
In base 11, what is 55817 + -5?
55812
In base 11, what is 3a1 + 45?
436
In base 5, what is 21243324 - 1?
21243323
In base 16, what is 8421d - 0?
8421d
In base 2, what is -110 + -100111110010110110010?
-100111110010110111000
In base 12, what is 14b78 + 0?
14b78
In base 9, what is 35 - 2031?
-1885
In base 5, what is -112 - 412420?
-413032
In base 16, what is -4 + -922d?
-9231
In base 6, what is -1450534 + 1?
-1450533
In base 6, what is -1 + 422054?
422053
In base 14, what is 2 - -14b191?
14b193
In base 16, what is 4a + -189?
-13f
In base 7, what is -3122 + -30?
-3152
In base 8, what is 5 - -11531?
11536
In base 13, what is 63 - 156?
-c3
In base 12, what is 2 + -5075aa?
-5075a8
In base 12, what is 51a60 - 17?
51a45
In base 16, what is 5 - -2afd?
2b02
In base 16, what is -1a + 2d2f?
2d15
In base 16, what is 150 - 669?
-519
In base 14, what is 5 - 7cbd?
-